{"id":2,"date":"2018-10-19T21:28:18","date_gmt":"2018-10-19T21:28:18","guid":{"rendered":"http:\/\/marzec.wroclaw.pl\/?page_id=2"},"modified":"2019-08-30T00:30:27","modified_gmt":"2019-08-29T22:30:27","slug":"o_mnie","status":"publish","type":"page","link":"https:\/\/marzec.wroclaw.pl\/index.php\/o_mnie\/","title":{"rendered":"O mnie"},"content":{"rendered":"<p><img data-attachment-id=\"1968\" data-permalink=\"https:\/\/marzec.wroclaw.pl\/index.php\/o_mnie\/dav\/\" data-orig-file=\"https:\/\/marzec.wroclaw.pl\/wp-content\/uploads\/2019\/08\/IMG_20180820_181517.jpg\" data-orig-size=\"1643,2048\" data-comments-opened=\"1\" data-image-meta=\"{&quot;aperture&quot;:&quot;2&quot;,&quot;credit&quot;:&quot;&quot;,&quot;camera&quot;:&quot;ANE-LX1&quot;,&quot;caption&quot;:&quot;dav&quot;,&quot;created_timestamp&quot;:&quot;1534788918&quot;,&quot;copyright&quot;:&quot;&quot;,&quot;focal_length&quot;:&quot;3.6&quot;,&quot;iso&quot;:&quot;50&quot;,&quot;shutter_speed&quot;:&quot;0.0013333333333333&quot;,&quot;title&quot;:&quot;dav&quot;,&quot;orientation&quot;:&quot;0&quot;}\" data-image-title=\"dav\" data-image-description=\"\" data-medium-file=\"https:\/\/marzec.wroclaw.pl\/wp-content\/uploads\/2019\/08\/IMG_20180820_181517-241x300.jpg\" data-large-file=\"https:\/\/marzec.wroclaw.pl\/wp-content\/uploads\/2019\/08\/IMG_20180820_181517-822x1024.jpg\" loading=\"lazy\" class=\"wp-image-1968 aligncenter\" src=\"http:\/\/marzec.wroclaw.pl\/wp-content\/uploads\/2019\/08\/IMG_20180820_181517-822x1024.jpg\" alt=\"\" width=\"508\" height=\"633\" srcset=\"https:\/\/marzec.wroclaw.pl\/wp-content\/uploads\/2019\/08\/IMG_20180820_181517-822x1024.jpg 822w, https:\/\/marzec.wroclaw.pl\/wp-content\/uploads\/2019\/08\/IMG_20180820_181517-241x300.jpg 241w, https:\/\/marzec.wroclaw.pl\/wp-content\/uploads\/2019\/08\/IMG_20180820_181517-768x957.jpg 768w, https:\/\/marzec.wroclaw.pl\/wp-content\/uploads\/2019\/08\/IMG_20180820_181517.jpg 1643w\" sizes=\"(max-width: 508px) 100vw, 508px\" \/><\/p>\n<p style=\"text-align: justify;\">Sam o sobie mog\u0119 napisa\u0107 tylko \u2026 albo a\u017c tyle, \u017ce jestem szcz\u0119\u015bliwym m\u0119\u017cem oraz ojcem dw\u00f3jki szkrab\u00f3w, z zami\u0142owaniem do fotografii \u2026 Fotografii, w kt\u00f3rej d\u0105\u017c\u0119 do tego aby pokaza\u0107 \u017ce ka\u017cdy jest wyj\u0105tkowy \u2026<\/p>\n<p style=\"text-align: center;\"><i><b>Uchwyci\u0107 to co przemijaj\u0105ce daj\u0105c rado\u015b\u0107 innym<\/b><\/i>&nbsp;<\/p>\n<p style=\"text-align: justify;\">\u2026 to maksyma kt\u00f3ra towarzyszy mi gdy aparat trafia w moje r\u0119ce<\/p>\n<p>&nbsp;<\/p>\n<p>Wi\u0119cej o mnie jako cz\u0142owieku i jako fotografie mog\u0105 powiedzie\u0107 tylko ludzie kt\u00f3rzy mieli okazj\u0119 mnie spotka\u0107 i pozna\u0107 \u2026<\/p>\n<p><img data-attachment-id=\"1970\" data-permalink=\"https:\/\/marzec.wroclaw.pl\/index.php\/o_mnie\/recenzja-1-2\/\" data-orig-file=\"https:\/\/marzec.wroclaw.pl\/wp-content\/uploads\/2019\/08\/recenzja-1-1.png\" data-orig-size=\"551,138\" data-comments-opened=\"1\" data-image-meta=\"{&quot;aperture&quot;:&quot;0&quot;,&quot;credit&quot;:&quot;&quot;,&quot;camera&quot;:&quot;&quot;,&quot;caption&quot;:&quot;&quot;,&quot;created_timestamp&quot;:&quot;0&quot;,&quot;copyright&quot;:&quot;&quot;,&quot;focal_length&quot;:&quot;0&quot;,&quot;iso&quot;:&quot;0&quot;,&quot;shutter_speed&quot;:&quot;0&quot;,&quot;title&quot;:&quot;&quot;,&quot;orientation&quot;:&quot;0&quot;}\" data-image-title=\"recenzja-1\" data-image-description=\"\" data-medium-file=\"https:\/\/marzec.wroclaw.pl\/wp-content\/uploads\/2019\/08\/recenzja-1-1-300x75.png\" data-large-file=\"https:\/\/marzec.wroclaw.pl\/wp-content\/uploads\/2019\/08\/recenzja-1-1.png\" loading=\"lazy\" class=\"size-full wp-image-1970 aligncenter\" src=\"http:\/\/marzec.wroclaw.pl\/wp-content\/uploads\/2019\/08\/recenzja-1-1.png\" alt=\"\" width=\"551\" height=\"138\" srcset=\"https:\/\/marzec.wroclaw.pl\/wp-content\/uploads\/2019\/08\/recenzja-1-1.png 551w, https:\/\/marzec.wroclaw.pl\/wp-content\/uploads\/2019\/08\/recenzja-1-1-300x75.png 300w\" sizes=\"(max-width: 551px) 100vw, 551px\" \/><\/p>\n<p><img data-attachment-id=\"1971\" data-permalink=\"https:\/\/marzec.wroclaw.pl\/index.php\/o_mnie\/recenzja-2\/\" data-orig-file=\"https:\/\/marzec.wroclaw.pl\/wp-content\/uploads\/2019\/08\/recenzja-2.png\" data-orig-size=\"549,149\" data-comments-opened=\"1\" data-image-meta=\"{&quot;aperture&quot;:&quot;0&quot;,&quot;credit&quot;:&quot;&quot;,&quot;camera&quot;:&quot;&quot;,&quot;caption&quot;:&quot;&quot;,&quot;created_timestamp&quot;:&quot;0&quot;,&quot;copyright&quot;:&quot;&quot;,&quot;focal_length&quot;:&quot;0&quot;,&quot;iso&quot;:&quot;0&quot;,&quot;shutter_speed&quot;:&quot;0&quot;,&quot;title&quot;:&quot;&quot;,&quot;orientation&quot;:&quot;0&quot;}\" data-image-title=\"recenzja-2\" data-image-description=\"\" data-medium-file=\"https:\/\/marzec.wroclaw.pl\/wp-content\/uploads\/2019\/08\/recenzja-2-300x81.png\" data-large-file=\"https:\/\/marzec.wroclaw.pl\/wp-content\/uploads\/2019\/08\/recenzja-2.png\" loading=\"lazy\" class=\"size-full wp-image-1971 aligncenter\" src=\"http:\/\/marzec.wroclaw.pl\/wp-content\/uploads\/2019\/08\/recenzja-2.png\" alt=\"\" width=\"549\" height=\"149\" srcset=\"https:\/\/marzec.wroclaw.pl\/wp-content\/uploads\/2019\/08\/recenzja-2.png 549w, https:\/\/marzec.wroclaw.pl\/wp-content\/uploads\/2019\/08\/recenzja-2-300x81.png 300w\" sizes=\"(max-width: 549px) 100vw, 549px\" \/><\/p>\n<p><img data-attachment-id=\"1973\" data-permalink=\"https:\/\/marzec.wroclaw.pl\/index.php\/o_mnie\/recenzja-3-2\/\" data-orig-file=\"https:\/\/marzec.wroclaw.pl\/wp-content\/uploads\/2019\/08\/recenzja-3-1.png\" data-orig-size=\"542,118\" data-comments-opened=\"1\" data-image-meta=\"{&quot;aperture&quot;:&quot;0&quot;,&quot;credit&quot;:&quot;&quot;,&quot;camera&quot;:&quot;&quot;,&quot;caption&quot;:&quot;&quot;,&quot;created_timestamp&quot;:&quot;0&quot;,&quot;copyright&quot;:&quot;&quot;,&quot;focal_length&quot;:&quot;0&quot;,&quot;iso&quot;:&quot;0&quot;,&quot;shutter_speed&quot;:&quot;0&quot;,&quot;title&quot;:&quot;&quot;,&quot;orientation&quot;:&quot;0&quot;}\" data-image-title=\"recenzja-3\" data-image-description=\"\" data-medium-file=\"https:\/\/marzec.wroclaw.pl\/wp-content\/uploads\/2019\/08\/recenzja-3-1-300x65.png\" data-large-file=\"https:\/\/marzec.wroclaw.pl\/wp-content\/uploads\/2019\/08\/recenzja-3-1.png\" loading=\"lazy\" class=\"alignnone size-full wp-image-1973 aligncenter\" src=\"http:\/\/marzec.wroclaw.pl\/wp-content\/uploads\/2019\/08\/recenzja-3-1.png\" alt=\"\" width=\"542\" height=\"118\" srcset=\"https:\/\/marzec.wroclaw.pl\/wp-content\/uploads\/2019\/08\/recenzja-3-1.png 542w, https:\/\/marzec.wroclaw.pl\/wp-content\/uploads\/2019\/08\/recenzja-3-1-300x65.png 300w\" sizes=\"(max-width: 542px) 100vw, 542px\" \/><\/p>\n<p>&nbsp;<\/p>\n<p>Je\u015bli to jak widz\u0119 ludzi \u2026 ich emocje \u2026 i \u015bwiat kt\u00f3ry nas otacza \u2026 podoba si\u0119 Wam \u2026 to serdecznie <b>ZAPRASZAM<\/b>&nbsp;do Wsp\u00f3\u0142pracy.<\/p>\n<p>Pozdrawiam i Zapraszam do wsp\u00f3\u0142pracy<\/p>\n<p><i><b>Dominik Marzec<\/b><\/i><\/p>\n","protected":false},"excerpt":{"rendered":"<p>Sam o sobie mog\u0119 napisa\u0107 tylko \u2026 albo a\u017c tyle, \u017ce jestem szcz\u0119\u015bliwym m\u0119\u017cem oraz ojcem dw\u00f3jki szkrab\u00f3w, z zami\u0142owaniem do fotografii \u2026 Fotografii, w kt\u00f3rej d\u0105\u017c\u0119 do tego aby pokaza\u0107 \u017ce ka\u017cdy jest wyj\u0105tkowy \u2026 Uchwyci\u0107 to co przemijaj\u0105ce daj\u0105c rado\u015b\u0107 innym&nbsp; \u2026 to maksyma kt\u00f3ra towarzyszy mi gdy aparat trafia w moje r\u0119ce [&hellip;]<\/p>\n","protected":false},"author":1,"featured_media":0,"parent":0,"menu_order":0,"comment_status":"closed","ping_status":"closed","template":"","meta":{"ngg_post_thumbnail":0,"spay_email":""},"jetpack_sharing_enabled":true,"jetpack_shortlink":"https:\/\/wp.me\/Pao2F3-2","_links":{"self":[{"href":"https:\/\/marzec.wroclaw.pl\/index.php\/wp-json\/wp\/v2\/pages\/2"}],"collection":[{"href":"https:\/\/marzec.wroclaw.pl\/index.php\/wp-json\/wp\/v2\/pages"}],"about":[{"href":"https:\/\/marzec.wroclaw.pl\/index.php\/wp-json\/wp\/v2\/types\/page"}],"author":[{"embeddable":true,"href":"https:\/\/marzec.wroclaw.pl\/index.php\/wp-json\/wp\/v2\/users\/1"}],"replies":[{"embeddable":true,"href":"https:\/\/marzec.wroclaw.pl\/index.php\/wp-json\/wp\/v2\/comments?post=2"}],"version-history":[{"count":3,"href":"https:\/\/marzec.wroclaw.pl\/index.php\/wp-json\/wp\/v2\/pages\/2\/revisions"}],"predecessor-version":[{"id":1974,"href":"https:\/\/marzec.wroclaw.pl\/index.php\/wp-json\/wp\/v2\/pages\/2\/revisions\/1974"}],"wp:attachment":[{"href":"https:\/\/marzec.wroclaw.pl\/index.php\/wp-json\/wp\/v2\/media?parent=2"}],"curies":[{"name":"wp","href":"https:\/\/api.w.org\/{rel}","templated":true}]}}